se 0*x - 24 = -6*x. Suppose 3*g - 147 = -x*g. Let h(k) = 10*k**2 + 9*k + 17. What is the remainder when h(-3) is divided by g?
17
Let c = 13296 + -12110. Calculate the remainder when c is divided by 17.
13
Suppose 6 = -5*s + 31. Suppose -171 - 65 = -2*d. Suppose -d = -2*v - 5*g, 85 = s*v + 2*g - 168. Calculate the remainder when v is divided by 17.
15
Let s(p) = p**2 + 6*p. Let x be (-76)/(-114)*(-3)/1. What is the remainder when ((-45)/(-18))/(x/(-24)) is divided by s(-8)?
14
Let z(d) = 34*d + 475. What is the remainder when 283 is divided by z(-13)?
19
Suppose -3*a - 106 = -2*n, 2*a = 197*n - 193*n - 196. What is the remainder when 98 is divided by n?
4
Let h(v) = 7*v**2 + 749*v - 5974. Calculate the remainder when h(8) is divided by 44.
26
Suppose -3*f + 9 = 0, -3*f - 2*f = 2*d - 669. Let u = 100503 + -100456. Calculate the remainder when d is divided by u.
45
What is the remainder when 2393 is divided by 52/91 + 4 - 4 - (-76)/14?
5
Let m = -418 - -438. Suppose -m*k + 23*k = 51. What is the remainder when k is divided by 5?
2
Let k be (2 + -3)*-3 + 1053 + -3. Suppose 10*d = 317 + k. Let b(t) = t**2 - 2. What is the remainder when d is divided by b(-4)?
11
Suppose -3951*w = -3927*w - 72. Calculate the remainder when 151 is divided by w.
1
Suppose -117 = -5*f + 2*x, 545*f + 5*x = 543*f + 41. Calculate the remainder when 338 is divided by f.
16
Suppose 2*h - 14*h = 37*h - 8722. What is the remainder when 1419 is divided by h?
173
What is the remainder when 310 is divided by ((-12)/14)/((-23)/644)?
22
Let z(s) = s**3 - 16*s**2 - 119*s + 2073. Suppose -5*x + 29 = 3*r, 3*x - r = 4*r - 3. Calculate the remainder when z(13) is divided by 1 + 1 + 8/x.
3
Let u(x) = -22*x - 37. Calculate the remainder when 24/(-2)*(-8)/16*37 is divided by u(-2).
5
Suppose -46*u - 379 = -12696 + 1737. Calculate the remainder when u is divided by (-2)/(2/(-59)) - 0.
53
Suppose 4*w + 5*i = -69, -3*w - 2*i + 0*i - 43 = 0. Let o = 15 - w. What is the remainder when 35 is divided by o?
9
Let h = 147 + -141. Suppose -2*r = h*r - 840. Calculate the remainder when r is divided by 22.
17
Suppose 2*r - x + 0*x - 62 = 0, 2*r - 62 = 4*x. Suppose 0 = 6*l - 457 + r. Suppose 274 - 114 = 8*a. Calculate the remainder when l is divided by a.
11
Let x(v) = -1654 + 831 + 13*v**2 + 844 - 8*v. Calculate the remainder when x(2) is divided by 35.
22
Suppose 11*t = 8*t + 57. Let r(d) = -4 - 6*d**3 - 16*d**2 + t*d + 3*d**3 - 5 + 4*d**3. What is the remainder when r(15) is divided by 14?
9
Suppose 0 = -4*h + 195 + 73. Let l = -3172 + 3186. Calculate the remainder when h is divided by l.
11
Suppose 0 = -3*s - 3*o + 48, 5*s = 7*o - 9*o + 74. Suppose 21 = k + 18. Calculate the remainder when 8/12 - (-73)/k is divided by s.
11
Suppose -5*b + 976 = 2*g - 789, -5*g = b - 353. What is the remainder when b is divided by 33?
23
Suppose -7438 + 140 = -82*p. Calculate the remainder when p is divided by 21.
5
Let z be (-12)/90 - (-7779)/(-45). Suppose 4*w + 456 = -0*w. Let c = w - z. Calculate the remainder when c is divided by 20.
19
Suppose 2*a + 5*h + 99 = 6*a, -4*a + 75 = 3*h. Let r = -1126 + 1163. What is the remainder when r is divided by a?
16
Suppose 730 = 4*g + 87*c - 89*c, 5*g + 5*c - 905 = 0. Suppose -4*h - 3 = -5*h. Calculate the remainder when g is divided by h.
2
Suppose -5*d + 10 = -5*p, 0 = -2*p - 2 - 2. Suppose d = -0*l - 3*l - 18. What is the remainder when ((-1133)/33)/(2/l) is divided by 26?
25
Let f be (-1 - -7) + 270 - -8. Let v = f - -17. Calculate the remainder when v is divided by 19.
16
Let d = 514 - 510. Suppose -6*s = d*s - 370. Suppose 2*u + 3*t - 214 = 0, -5*u - 4*t = -184 - 358. What is the remainder when u is divided by s?
36
Let j(u) be the third derivative of -u**4/6 + 16*u**3/3 - 11*u**2 - 1. Calculate the remainder when j(-9) is divided by (-230)/(-12) - 2/12.
11
Let o(c) = -10*c + 13. Let q(g) = -5*g + 7. Let a(j) = 4*o(j) - 9*q(j). Let t = 5337 - 5331. What is the remainder when 53 is divided by a(t)?
15
Let y = -8003 - -8037. Calculate the remainder when 101 is divided by y.
33
Let h be ((-12)/(-15))/(62/(-51925)). Let b = h - -677. Let t = 22 + -6. What is the remainder when t is divided by b?
2
Calculate the remainder when (6 - 5)/(6/12222*7) is divided by 261.
30
Let y(h) = h**3 - 8*h**2 - 23*h + 55. Calculate the remainder when 937 is divided by y(10).
12
Let k = 105623 - 105592. What is the remainder when k is divided by (-3)/(-2)*38/3?
12
Let g be 1 + -2 - ((-9)/3)/3. Suppose g = -2*c + a - 0*a + 41, -3*c + 5*a + 51 = 0. Let w = 239 + -176. Calculate the remainder when w is divided by c.
19
Let k(b) = -18*b**2 - 130*b + 17. Let u = 143 - 149. Calculate the remainder when k(u) is divided by 53.
43
What is the remainder when 421 is divided by 1984/52 + 15/((-2730)/28)?
3
Calculate the remainder when 6479 is divided by (-2 + 19 - 8)/(1/9).
80
Let p be (5 - -2 - 26)/(2/704). Calculate the remainder when p/(-77) + (-2)/(-14) is divided by 7.
3
Suppose -j = -3, 0*b - j = 2*b - 57. Let x be (-2 - (1 + -6))*(-1510)/(-6). Let l = 761 - x. Calculate the remainder when b is divided by l.
3
Suppose 4*i + h = 477, -2*i + h - 2*h = -237. Suppose 21 - 585 = 6*z. Let m = 135 + z. What is the remainder when i is divided by m?
38
Let n = -465 + 203. Let o = -138 - n. Suppose 340*p - 345*p = t + 23, p - 71 = -2*t. Calculate the remainder when o is divided by t.
40
Suppose -6*u + 42 = u. Suppose -o + 3*f = 4*o + 23, -3*o - 11 = f. What is the remainder when u is divided by 1 - -6*(-2)/o?
2
Suppose 33789 + 503420 + 268498 = 189*p. What is the remainder when p is divided by 104?
103
Let s(k) = 16*k - 16. Suppose 3*o - 4*h - 2 = 0, -10*h + 6*h = 5*o - 14. Calculate the remainder when 29 is divided by s(o).
13
Let v(y) = y**2 - 263*y - 3822. Calculate the remainder when v(-14) is divided by 223/9 - 4/(-18).
6
Let t(i) = -2*i**2 + i + 2. Let l be t(2). Calculate the remainder when (-68)/153 - (5 + (-11648)/126) - -10 is divided by l/(-10) + 246/10.
22
Suppose 0 = -5*h - 5*i - 2152 + 832, 0 = -2*h + 5*i - 549. Let k = h - -304. Calculate the remainder when k is divided by 19.
18
Suppose 4*o = 7*s - 5*s - 100, -3*s + 106 = 5*o. Suppose -s = 86*g - 89*g. What is the remainder when 123 is divided by g?
11
What is the remainder when ((-6)/(-3))/(42/7462)*3 is divided by 12?
10
Let r(w) = -5*w + 69. Let q(t) = t + 12. Let i be q(-5). Calculate the remainder when 339 is divided by r(i).
33
Let c = 638 + -558. Suppose -q + 3*l + 16 = 0, -l = -5*q - 0*q + c. Calculate the remainder when q is divided by 15.
1
Let y(j) = -788*j - 7053. What is the remainder when 734 is divided by y(-9)?
32
Let p be 3/(-1 - -2) + -10 + 11. Let x = -32 + 36. What is the remainder when 42 is divided by 19*2/p + x/(-8)?
6
Let p(d) = 3*d + 93. Let g be p(-30). Suppose -h - 9 = -3*l, 0*h = g*l + 3*h - 21. Let r = 12 + -5. Calculate the remainder when r is divided by l.
3
Calculate the remainder when 1120 + (-120)/(-15) + 10 + 0 is divided by 182.
46
Suppose -7*s + 12*s - 10 = 0. Suppose -s*w = 5*o - 83, -5*o + 106 = 4*w - 45. Let g = w - 3. What is the remainder when 152 is divided by g?
28
Suppose -4*g + 16 = i + 3*i, -4*i = -2*g + 8. Suppose 2*c - 66 = -3*t, c + 9 = g*c. Calculate the remainder when t is divided by 7.
6
Let f(p) = -13*p**3 + 26*p**2 + 16*p + 68. Calculate the remainder when f(-4) is divided by 156.
4
Suppose -z = 3*p - 104 - 187, 0 = 2*p - 2*z - 194. Suppose t - 134 = -4*u + 4*t, 0 = 3*u - 4*t - p. What is the remainder when 173 is divided by u?
33
Suppose 9*o - 30 = 15. Suppose w = -o*z + 29, 0*z + 180 = 4*w + 4*z. Calculate the remainder when 1124 is divided by w.
46
Suppose 0 = -1275*k + 1285*k - 1400. Calculate the remainder when 422 is divided by k.
2
Suppose 1840 = -9*l + 4*l. Let s = l + 402. What is the remainder when s is divided by 14?
6
Suppose 80 = 5*w + 2*x, -3*x - 58 + 7 = -2*w. Let p = -112 + 547. Let v = p + -401. Calculate the remainder when v is divided by w.
16
Let d(g) = 2*g**2 + g - 10. Suppose 0 = 9*h - h + 24. Let p be -1*(-2)/h*(-195)/26. Calculate the remainder when 224 is divided by d(p).
44
Let y be (-26)/52 - 27/2 - -4. Calculate the remainder when 129 is divided by ((-8)/y)/(25/375).
9
Let j = 9853 - 9815. Calculate the remainder when 10/15*666/4 is divided by j.
35
Le